{"id":5062,"date":"2023-04-03T14:52:01","date_gmt":"2023-04-03T13:52:01","guid":{"rendered":"https:\/\/urdaburu.eus\/?page_id=5062"},"modified":"2023-05-24T20:13:38","modified_gmt":"2023-05-24T19:13:38","slug":"marcha-nordica","status":"publish","type":"page","link":"https:\/\/urdaburu.eus\/es\/marcha-nordica\/","title":{"rendered":"Marcha N\u00f3rdica"},"content":{"rendered":"<p style=\"text-align: justify;\"><img loading=\"lazy\" class=\"size-medium wp-image-5071 alignleft\" src=\"\/app\/uploads\/2023\/04\/IparMartxa_Orio-300x179.png\" alt=\"\" width=\"300\" height=\"179\" srcset=\"\/app\/uploads\/2023\/04\/IparMartxa_Orio-300x179.png 300w, \/app\/uploads\/2023\/04\/IparMartxa_Orio.png 470w\" sizes=\"(max-width: 300px) 100vw, 300px\" \/>La marcha n\u00f3rdica proviene del esqu\u00ed, de la especialidad del esqu\u00ed n\u00f3rdico o de fondo y ha llegado al mundo de la monta\u00f1a con la disciplina del senderismo. En 2015 la Federaci\u00f3n Espa\u00f1ola de Deportes de Monta\u00f1a y Escalada (FEDME) lo acogi\u00f3 en su organigrama y, en consecuencia, tambi\u00e9n lo hizo la Euskal Mendizale Federazioa (EMF).<\/p>\n<p style=\"text-align: justify;\">La marcha n\u00f3rdica es una actividad que consiste en caminar de una manera natural a la vez que empleamos unos bastones acompa\u00f1ando el balanceo instintivo de los brazos. Es una t\u00e9cnica integral suave que ejercita el 90 por ciento de los m\u00fasculos del cuerpo y una forma de optimizar la din\u00e1mica del paso, en funci\u00f3n de la forma f\u00edsica de cada persona.<\/p>\n<p style=\"text-align: justify;\">Nuestro club puso en marcha el nuevo proyecto de Marcha N\u00f3rdica en el a\u00f1o 2022 con la vuelta a Donostia.. Se trata de una actividad mensual que se realiza un s\u00e1bado por la ma\u00f1ana. En general, se utiliza el transporte p\u00fablico tanto para llegar al punto de salida de la marcha como para regresar al finalizarla. Se suele tratar de una ruta a recorrer de 10 kil\u00f3metros aproxim\u00e1damente. Se comunica puntualmente sobre cada etapa que se organiza, y se abre un plazo para que toda aquella persona que tenga inter\u00e9s en participar se inscriba. Para participar en las salidas es necesario conocer la t\u00e9cnica y el uso de unos bastones adecuados.<\/p>\n<p>El 2 de junio de 2023 se present\u00f3 el primer recorrido homologado de Marcha N\u00f3rdica, Sl-56 Norte, subvencionada y promovida por el Ayuntamiento y homologada por la Diputaci\u00f3n de Gipuzkoa a trav\u00e9s de la Federaci\u00f3n Guipuzcoana de Monta\u00f1a. He aqu\u00ed m\u00e1s <a href=\"https:\/\/urdaburu.eus\/es\/sl-gi-56-recorrido-de-marcha-nordica-de-los-parques-de-errenteria\/\">informaci\u00f3n del recorrido<\/a>.<\/p>\n<p>Colecci\u00f3n de fotograf\u00edas:<\/p>\n<p><a href=\"https:\/\/www.flickr.com\/photos\/195341817@N02\/collections\/72157721171521105\/\" target=\"_blank\" rel=\"noopener\"><img loading=\"lazy\" class=\"alignnone  wp-image-5128\" src=\"\/app\/uploads\/2023\/04\/Ipar_Marcha_Albuma-300x47.png\" alt=\"\" width=\"402\" height=\"63\" srcset=\"\/app\/uploads\/2023\/04\/Ipar_Marcha_Albuma-300x47.png 300w, \/app\/uploads\/2023\/04\/Ipar_Marcha_Albuma-1024x161.png 1024w, \/app\/uploads\/2023\/04\/Ipar_Marcha_Albuma-768x121.png 768w, \/app\/uploads\/2023\/04\/Ipar_Marcha_Albuma-1536x242.png 1536w, \/app\/uploads\/2023\/04\/Ipar_Marcha_Albuma-1320x208.png 1320w, \/app\/uploads\/2023\/04\/Ipar_Marcha_Albuma.png 1780w\" sizes=\"(max-width: 402px) 100vw, 402px\" \/><\/a><\/p>\n<p><b>Calendario 2023 salidas MARCHA N\u00d3RDICA:<\/b><\/p>\n<ul>\n<li style=\"font-weight: 400;\" aria-level=\"1\"><span style=\"font-weight: 400;\">14 de enero: Ruta azul de Hernani\u00a0<\/span><\/li>\n<li style=\"font-weight: 400;\" aria-level=\"1\"><span style=\"font-weight: 400;\">11 de febrero: Bahia de Txingudi<\/span><\/li>\n<li style=\"font-weight: 400;\" aria-level=\"1\"><span style=\"font-weight: 400;\">11 de marzo: Igeldo-Orio<\/span><\/li>\n<li style=\"font-weight: 400;\" aria-level=\"1\"><span style=\"font-weight: 400;\">29 de abril: San Marcos (Bizarain)<\/span><\/li>\n<li style=\"font-weight: 400;\" aria-level=\"1\"><span style=\"font-weight: 400;\">13 de mayo:\u00a0 Castillo de Beloaga<\/span><\/li>\n<li style=\"font-weight: 400;\" aria-level=\"1\"><span style=\"font-weight: 400;\">7 de octubre:\u00a0 Zarautz-Getaria-Zarautz<\/span><\/li>\n<li style=\"font-weight: 400;\" aria-level=\"1\"><span style=\"font-weight: 400;\">4 de noviembre: puentes de Donostia<\/span><\/li>\n<\/ul>\n","protected":false},"excerpt":{"rendered":"<p>La marcha n\u00f3rdica proviene del esqu\u00ed, de la especialidad del esqu\u00ed n\u00f3rdico o de fondo y ha llegado al mundo de la monta\u00f1a con la<\/p>\n","protected":false},"author":2,"featured_media":5071,"parent":0,"menu_order":0,"comment_status":"closed","ping_status":"closed","template":"page-templates\/template-services.php","meta":[],"yoast_head":"<!-- This site is optimized with the Yoast SEO plugin v19.1 - https:\/\/yoast.com\/wordpress\/plugins\/seo\/ -->\n<title>Marcha N\u00f3rdica - Urdaburu<\/title>\n<meta name=\"robots\" content=\"index, follow, max-snippet:-1, max-image-preview:large, max-video-preview:-1\" \/>\n<link rel=\"canonical\" href=\"https:\/\/urdaburu.eus\/es\/marcha-nordica\/\" \/>\n<meta property=\"og:locale\" content=\"es_ES\" \/>\n<meta property=\"og:type\" content=\"article\" \/>\n<meta property=\"og:title\" content=\"Marcha N\u00f3rdica - Urdaburu\" \/>\n<meta property=\"og:description\" content=\"La marcha n\u00f3rdica proviene del esqu\u00ed, de la especialidad del esqu\u00ed n\u00f3rdico o de fondo y ha llegado al mundo de la monta\u00f1a con la\" \/>\n<meta property=\"og:url\" content=\"https:\/\/urdaburu.eus\/es\/marcha-nordica\/\" \/>\n<meta property=\"og:site_name\" content=\"Urdaburu\" \/>\n<meta property=\"article:modified_time\" content=\"2023-05-24T19:13:38+00:00\" \/>\n<meta property=\"og:image\" content=\"https:\/\/urdaburu.eus\/app\/uploads\/2023\/04\/IparMartxa_Orio.png\" \/>\n\t<meta property=\"og:image:width\" content=\"470\" \/>\n\t<meta property=\"og:image:height\" content=\"280\" \/>\n\t<meta property=\"og:image:type\" content=\"image\/png\" \/>\n<meta name=\"twitter:card\" content=\"summary_large_image\" \/>\n<meta name=\"twitter:label1\" content=\"Est. reading time\" \/>\n\t<meta name=\"twitter:data1\" content=\"3 minutos\" \/>\n<script type=\"application\/ld+json\" class=\"yoast-schema-graph\">{\"@context\":\"https:\/\/schema.org\",\"@graph\":[{\"@type\":\"WebSite\",\"@id\":\"https:\/\/urdaburu.eus\/#website\",\"url\":\"https:\/\/urdaburu.eus\/\",\"name\":\"Urdaburu\",\"description\":\"Grupo de Monta\u00f1a \",\"potentialAction\":[{\"@type\":\"SearchAction\",\"target\":{\"@type\":\"EntryPoint\",\"urlTemplate\":\"https:\/\/urdaburu.eus\/?s={search_term_string}\"},\"query-input\":\"required name=search_term_string\"}],\"inLanguage\":\"es\"},{\"@type\":\"ImageObject\",\"inLanguage\":\"es\",\"@id\":\"https:\/\/urdaburu.eus\/es\/marcha-nordica\/#primaryimage\",\"url\":\"\/app\/uploads\/2023\/04\/IparMartxa_Orio.png\",\"contentUrl\":\"\/app\/uploads\/2023\/04\/IparMartxa_Orio.png\",\"width\":470,\"height\":280},{\"@type\":\"WebPage\",\"@id\":\"https:\/\/urdaburu.eus\/es\/marcha-nordica\/#webpage\",\"url\":\"https:\/\/urdaburu.eus\/es\/marcha-nordica\/\",\"name\":\"Marcha N\u00f3rdica - Urdaburu\",\"isPartOf\":{\"@id\":\"https:\/\/urdaburu.eus\/#website\"},\"primaryImageOfPage\":{\"@id\":\"https:\/\/urdaburu.eus\/es\/marcha-nordica\/#primaryimage\"},\"datePublished\":\"2023-04-03T13:52:01+00:00\",\"dateModified\":\"2023-05-24T19:13:38+00:00\",\"breadcrumb\":{\"@id\":\"https:\/\/urdaburu.eus\/es\/marcha-nordica\/#breadcrumb\"},\"inLanguage\":\"es\",\"potentialAction\":[{\"@type\":\"ReadAction\",\"target\":[\"https:\/\/urdaburu.eus\/es\/marcha-nordica\/\"]}]},{\"@type\":\"BreadcrumbList\",\"@id\":\"https:\/\/urdaburu.eus\/es\/marcha-nordica\/#breadcrumb\",\"itemListElement\":[{\"@type\":\"ListItem\",\"position\":1,\"name\":\"Home\",\"item\":\"https:\/\/urdaburu.eus\/es\/\"},{\"@type\":\"ListItem\",\"position\":2,\"name\":\"Marcha N\u00f3rdica\"}]}]}<\/script>\n<!-- \/ Yoast SEO plugin. -->","yoast_head_json":{"title":"Marcha N\u00f3rdica - Urdaburu","robots":{"index":"index","follow":"follow","max-snippet":"max-snippet:-1","max-image-preview":"max-image-preview:large","max-video-preview":"max-video-preview:-1"},"canonical":"https:\/\/urdaburu.eus\/es\/marcha-nordica\/","og_locale":"es_ES","og_type":"article","og_title":"Marcha N\u00f3rdica - Urdaburu","og_description":"La marcha n\u00f3rdica proviene del esqu\u00ed, de la especialidad del esqu\u00ed n\u00f3rdico o de fondo y ha llegado al mundo de la monta\u00f1a con la","og_url":"https:\/\/urdaburu.eus\/es\/marcha-nordica\/","og_site_name":"Urdaburu","article_modified_time":"2023-05-24T19:13:38+00:00","og_image":[{"width":470,"height":280,"url":"https:\/\/urdaburu.eus\/app\/uploads\/2023\/04\/IparMartxa_Orio.png","type":"image\/png"}],"twitter_card":"summary_large_image","twitter_misc":{"Est. reading time":"3 minutos"},"schema":{"@context":"https:\/\/schema.org","@graph":[{"@type":"WebSite","@id":"https:\/\/urdaburu.eus\/#website","url":"https:\/\/urdaburu.eus\/","name":"Urdaburu","description":"Grupo de Monta\u00f1a ","potentialAction":[{"@type":"SearchAction","target":{"@type":"EntryPoint","urlTemplate":"https:\/\/urdaburu.eus\/?s={search_term_string}"},"query-input":"required name=search_term_string"}],"inLanguage":"es"},{"@type":"ImageObject","inLanguage":"es","@id":"https:\/\/urdaburu.eus\/es\/marcha-nordica\/#primaryimage","url":"\/app\/uploads\/2023\/04\/IparMartxa_Orio.png","contentUrl":"\/app\/uploads\/2023\/04\/IparMartxa_Orio.png","width":470,"height":280},{"@type":"WebPage","@id":"https:\/\/urdaburu.eus\/es\/marcha-nordica\/#webpage","url":"https:\/\/urdaburu.eus\/es\/marcha-nordica\/","name":"Marcha N\u00f3rdica - Urdaburu","isPartOf":{"@id":"https:\/\/urdaburu.eus\/#website"},"primaryImageOfPage":{"@id":"https:\/\/urdaburu.eus\/es\/marcha-nordica\/#primaryimage"},"datePublished":"2023-04-03T13:52:01+00:00","dateModified":"2023-05-24T19:13:38+00:00","breadcrumb":{"@id":"https:\/\/urdaburu.eus\/es\/marcha-nordica\/#breadcrumb"},"inLanguage":"es","potentialAction":[{"@type":"ReadAction","target":["https:\/\/urdaburu.eus\/es\/marcha-nordica\/"]}]},{"@type":"BreadcrumbList","@id":"https:\/\/urdaburu.eus\/es\/marcha-nordica\/#breadcrumb","itemListElement":[{"@type":"ListItem","position":1,"name":"Home","item":"https:\/\/urdaburu.eus\/es\/"},{"@type":"ListItem","position":2,"name":"Marcha N\u00f3rdica"}]}]}},"_links":{"self":[{"href":"https:\/\/urdaburu.eus\/es\/wp-json\/wp\/v2\/pages\/5062"}],"collection":[{"href":"https:\/\/urdaburu.eus\/es\/wp-json\/wp\/v2\/pages"}],"about":[{"href":"https:\/\/urdaburu.eus\/es\/wp-json\/wp\/v2\/types\/page"}],"author":[{"embeddable":true,"href":"https:\/\/urdaburu.eus\/es\/wp-json\/wp\/v2\/users\/2"}],"replies":[{"embeddable":true,"href":"https:\/\/urdaburu.eus\/es\/wp-json\/wp\/v2\/comments?post=5062"}],"version-history":[{"count":18,"href":"https:\/\/urdaburu.eus\/es\/wp-json\/wp\/v2\/pages\/5062\/revisions"}],"predecessor-version":[{"id":5342,"href":"https:\/\/urdaburu.eus\/es\/wp-json\/wp\/v2\/pages\/5062\/revisions\/5342"}],"wp:featuredmedia":[{"embeddable":true,"href":"https:\/\/urdaburu.eus\/es\/wp-json\/wp\/v2\/media\/5071"}],"wp:attachment":[{"href":"https:\/\/urdaburu.eus\/es\/wp-json\/wp\/v2\/media?parent=5062"}],"curies":[{"name":"wp","href":"https:\/\/api.w.org\/{rel}","templated":true}]}}

Marcha Nórdica

<p style="text-align: justify;"><img loading="lazy" class="size-medium wp-image-5071 alignleft" src="/app/uploads/2023/04/IparMartxa_Orio-300x179.png" alt="" width="300" height="179" srcset="/app/uploads/2023/04/IparMartxa_Orio-300x179.png 300w, /app/uploads/2023/04/IparMartxa_Orio.png 470w" sizes="(max-width: 300px) 100vw, 300px" />La marcha nórdica proviene del esquí, de la especialidad del esquí nórdico o de fondo y ha llegado al mundo de la montaña con la disciplina del senderismo. En 2015 la Federación Española de Deportes de Montaña y Escalada (FEDME) lo acogió en su organigrama y, en consecuencia, también lo hizo la Euskal Mendizale Federazioa (EMF).</p>
<p style="text-align: justify;">La marcha nórdica es una actividad que consiste en caminar de una manera natural a la vez que empleamos unos bastones acompañando el balanceo instintivo de los brazos. Es una técnica integral suave que ejercita el 90 por ciento de los músculos del cuerpo y una forma de optimizar la dinámica del paso, en función de la forma física de cada persona.</p>
<p style="text-align: justify;">Nuestro club puso en marcha el nuevo proyecto de Marcha Nórdica en el año 2022 con la vuelta a Donostia.. Se trata de una actividad mensual que se realiza un sábado por la mañana. En general, se utiliza el transporte público tanto para llegar al punto de salida de la marcha como para regresar al finalizarla. Se suele tratar de una ruta a recorrer de 10 kilómetros aproximádamente. Se comunica puntualmente sobre cada etapa que se organiza, y se abre un plazo para que toda aquella persona que tenga interés en participar se inscriba. Para participar en las salidas es necesario conocer la técnica y el uso de unos bastones adecuados.</p>
<p>El 2 de junio de 2023 se presentó el primer recorrido homologado de Marcha Nórdica, Sl-56 Norte, subvencionada y promovida por el Ayuntamiento y homologada por la Diputación de Gipuzkoa a través de la Federación Guipuzcoana de Montaña. He aquí más <a href="https://urdaburu.eus/es/sl-gi-56-recorrido-de-marcha-nordica-de-los-parques-de-errenteria/">información del recorrido</a>.</p>
<p>Colección de fotografías:</p>
<p><a href="https://www.flickr.com/photos/195341817@N02/collections/72157721171521105/" target="_blank" rel="noopener"><img loading="lazy" class="alignnone  wp-image-5128" src="/app/uploads/2023/04/Ipar_Marcha_Albuma-300x47.png" alt="" width="402" height="63" srcset="/app/uploads/2023/04/Ipar_Marcha_Albuma-300x47.png 300w, /app/uploads/2023/04/Ipar_Marcha_Albuma-1024x161.png 1024w, /app/uploads/2023/04/Ipar_Marcha_Albuma-768x121.png 768w, /app/uploads/2023/04/Ipar_Marcha_Albuma-1536x242.png 1536w, /app/uploads/2023/04/Ipar_Marcha_Albuma-1320x208.png 1320w, /app/uploads/2023/04/Ipar_Marcha_Albuma.png 1780w" sizes="(max-width: 402px) 100vw, 402px" /></a></p>
<p><b>Calendario 2023 salidas MARCHA NÓRDICA:</b></p>
<ul>
<li style="font-weight: 400;" aria-level="1"><span style="font-weight: 400;">14 de enero: Ruta azul de Hernani </span></li>
<li style="font-weight: 400;" aria-level="1"><span style="font-weight: 400;">11 de febrero: Bahia de Txingudi</span></li>
<li style="font-weight: 400;" aria-level="1"><span style="font-weight: 400;">11 de marzo: Igeldo-Orio</span></li>
<li style="font-weight: 400;" aria-level="1"><span style="font-weight: 400;">29 de abril: San Marcos (Bizarain)</span></li>
<li style="font-weight: 400;" aria-level="1"><span style="font-weight: 400;">13 de mayo:  Castillo de Beloaga</span></li>
<li style="font-weight: 400;" aria-level="1"><span style="font-weight: 400;">7 de octubre:  Zarautz-Getaria-Zarautz</span></li>
<li style="font-weight: 400;" aria-level="1"><span style="font-weight: 400;">4 de noviembre: puentes de Donostia</span></li>
</ul>

<p>La marcha nórdica proviene del esquí, de la especialidad del esquí nórdico o de fondo y ha llegado al mundo de la montaña con la</p>

<!-- This site is optimized with the Yoast SEO plugin v19.1 - https://yoast.com/wordpress/plugins/seo/ -->
<title>Marcha Nórdica - Urdaburu</title>
<meta name="robots" content="index, follow, max-snippet:-1, max-image-preview:large, max-video-preview:-1" />
<link rel="canonical" href="https://urdaburu.eus/es/marcha-nordica/" />
<meta property="og:locale" content="es_ES" />
<meta property="og:type" content="article" />
<meta property="og:title" content="Marcha Nórdica - Urdaburu" />
<meta property="og:description" content="La marcha nórdica proviene del esquí, de la especialidad del esquí nórdico o de fondo y ha llegado al mundo de la montaña con la" />
<meta property="og:url" content="https://urdaburu.eus/es/marcha-nordica/" />
<meta property="og:site_name" content="Urdaburu" />
<meta property="article:modified_time" content="2023-05-24T19:13:38+00:00" />
<meta property="og:image" content="https://urdaburu.eus/app/uploads/2023/04/IparMartxa_Orio.png" />
	<meta property="og:image:width" content="470" />
	<meta property="og:image:height" content="280" />
	<meta property="og:image:type" content="image/png" />
<meta name="twitter:card" content="summary_large_image" />
<meta name="twitter:label1" content="Est. reading time" />
	<meta name="twitter:data1" content="3 minutos" />
<script type="application/ld+json" class="yoast-schema-graph">{"@context":"https://schema.org","@graph":[{"@type":"WebSite","@id":"https://urdaburu.eus/#website","url":"https://urdaburu.eus/","name":"Urdaburu","description":"Grupo de Montaña ","potentialAction":[{"@type":"SearchAction","target":{"@type":"EntryPoint","urlTemplate":"https://urdaburu.eus/?s={search_term_string}"},"query-input":"required name=search_term_string"}],"inLanguage":"es"},{"@type":"ImageObject","inLanguage":"es","@id":"https://urdaburu.eus/es/marcha-nordica/#primaryimage","url":"/app/uploads/2023/04/IparMartxa_Orio.png","contentUrl":"/app/uploads/2023/04/IparMartxa_Orio.png","width":470,"height":280},{"@type":"WebPage","@id":"https://urdaburu.eus/es/marcha-nordica/#webpage","url":"https://urdaburu.eus/es/marcha-nordica/","name":"Marcha Nórdica - Urdaburu","isPartOf":{"@id":"https://urdaburu.eus/#website"},"primaryImageOfPage":{"@id":"https://urdaburu.eus/es/marcha-nordica/#primaryimage"},"datePublished":"2023-04-03T13:52:01+00:00","dateModified":"2023-05-24T19:13:38+00:00","breadcrumb":{"@id":"https://urdaburu.eus/es/marcha-nordica/#breadcrumb"},"inLanguage":"es","potentialAction":[{"@type":"ReadAction","target":["https://urdaburu.eus/es/marcha-nordica/"]}]},{"@type":"BreadcrumbList","@id":"https://urdaburu.eus/es/marcha-nordica/#breadcrumb","itemListElement":[{"@type":"ListItem","position":1,"name":"Home","item":"https://urdaburu.eus/es/"},{"@type":"ListItem","position":2,"name":"Marcha Nórdica"}]}]}</script>
<!-- / Yoast SEO plugin. -->

Marcha Nórdica - Urdaburu

La marcha nórdica proviene del esquí, de la especialidad del esquí nórdico o de fondo y ha llegado al mundo de la montaña con la

Grupo de Montaña
