{"id":6896,"date":"2024-12-10T22:39:54","date_gmt":"2024-12-10T21:39:54","guid":{"rendered":"https:\/\/urdaburu.eus\/?page_id=6896"},"modified":"2024-12-10T22:59:52","modified_gmt":"2024-12-10T21:59:52","slug":"mediateca","status":"publish","type":"page","link":"https:\/\/urdaburu.eus\/es\/mediateca\/","title":{"rendered":"Mediateca"},"content":{"rendered":"\n<section class=\"actividades-montana\">\n  <div class=\"container\">\n    <h4>Descubre Nuestras Actividades y Proyecciones<\/h4>\n    <p>Bienvenid@ a nuestra secci\u00f3n multimedia, un espacio donde podr\u00e1s conocer m\u00e1s sobre las actividades que realizamos. Aqu\u00ed encontrar\u00e1s fotos y videos de nuestras salidas monta\u00f1eras, que muestran la diversidad de actividades que realizamos. <\/p>\n    \n    <p>Adem\u00e1s de nuestras salidas, en esta secci\u00f3n podr\u00e1s disfrutar de los videos de nuestras proyecciones, donde compartimos experiencias, conocimientos y relatos sobre la monta\u00f1a y otras actividades. \u00a1Acomp\u00e1\u00f1anos a revivir estos momentos y siente la monta\u00f1a a trav\u00e9s de nuestros ojos!<\/p>\n\n <div class=\"iconos-seccion\">\n      <a href=\"https:\/\/www.flickr.com\/photos\/195341817@N02\/collections\" class=\"icono-salidas\">\n        <i class=\"fas fa-photo\"><\/i>\n        <p>Fotograf\u00edas<\/p>\n      <\/a>\n      <a href=\"https:\/\/urdaburu.eus\/es\/hilabeteko-proiekzioa\/\" class=\"icono-proyecciones\">\n        <i class=\"fas fa-video\"><\/i>\n        <p>Proyecciones<\/p>\n      <\/a>\n    <\/div>\n<\/div><\/section>\n\n\n\n<link rel=\"stylesheet\" href=\"https:\/\/cdnjs.cloudflare.com\/ajax\/libs\/font-awesome\/5.15.4\/css\/all.min.css\">\n","protected":false},"excerpt":{"rendered":"<p>Descubre Nuestras Actividades y Proyecciones Bienvenid@ a nuestra secci\u00f3n multimedia, un espacio donde podr\u00e1s conocer m\u00e1s sobre las actividades que realizamos. Aqu\u00ed encontrar\u00e1s fotos y<\/p>\n","protected":false},"author":2,"featured_media":0,"parent":0,"menu_order":0,"comment_status":"closed","ping_status":"closed","template":"","meta":[],"yoast_head":"<!-- This site is optimized with the Yoast SEO plugin v19.1 - https:\/\/yoast.com\/wordpress\/plugins\/seo\/ -->\n<title>Mediateca - Urdaburu<\/title>\n<meta name=\"robots\" content=\"index, follow, max-snippet:-1, max-image-preview:large, max-video-preview:-1\" \/>\n<link rel=\"canonical\" href=\"https:\/\/urdaburu.eus\/es\/mediateca\/\" \/>\n<meta property=\"og:locale\" content=\"es_ES\" \/>\n<meta property=\"og:type\" content=\"article\" \/>\n<meta property=\"og:title\" content=\"Mediateca - Urdaburu\" \/>\n<meta property=\"og:description\" content=\"Descubre Nuestras Actividades y Proyecciones Bienvenid@ a nuestra secci\u00f3n multimedia, un espacio donde podr\u00e1s conocer m\u00e1s sobre las actividades que realizamos. Aqu\u00ed encontrar\u00e1s fotos y\" \/>\n<meta property=\"og:url\" content=\"https:\/\/urdaburu.eus\/es\/mediateca\/\" \/>\n<meta property=\"og:site_name\" content=\"Urdaburu\" \/>\n<meta property=\"article:modified_time\" content=\"2024-12-10T21:59:52+00:00\" \/>\n<meta name=\"twitter:card\" content=\"summary_large_image\" \/>\n<meta name=\"twitter:label1\" content=\"Est. reading time\" \/>\n\t<meta name=\"twitter:data1\" content=\"1 minuto\" \/>\n<script type=\"application\/ld+json\" class=\"yoast-schema-graph\">{\"@context\":\"https:\/\/schema.org\",\"@graph\":[{\"@type\":\"WebSite\",\"@id\":\"https:\/\/urdaburu.eus\/#website\",\"url\":\"https:\/\/urdaburu.eus\/\",\"name\":\"Urdaburu\",\"description\":\"Grupo de Monta\u00f1a \",\"potentialAction\":[{\"@type\":\"SearchAction\",\"target\":{\"@type\":\"EntryPoint\",\"urlTemplate\":\"https:\/\/urdaburu.eus\/?s={search_term_string}\"},\"query-input\":\"required name=search_term_string\"}],\"inLanguage\":\"es\"},{\"@type\":\"WebPage\",\"@id\":\"https:\/\/urdaburu.eus\/es\/mediateca\/#webpage\",\"url\":\"https:\/\/urdaburu.eus\/es\/mediateca\/\",\"name\":\"Mediateca - Urdaburu\",\"isPartOf\":{\"@id\":\"https:\/\/urdaburu.eus\/#website\"},\"datePublished\":\"2024-12-10T21:39:54+00:00\",\"dateModified\":\"2024-12-10T21:59:52+00:00\",\"breadcrumb\":{\"@id\":\"https:\/\/urdaburu.eus\/es\/mediateca\/#breadcrumb\"},\"inLanguage\":\"es\",\"potentialAction\":[{\"@type\":\"ReadAction\",\"target\":[\"https:\/\/urdaburu.eus\/es\/mediateca\/\"]}]},{\"@type\":\"BreadcrumbList\",\"@id\":\"https:\/\/urdaburu.eus\/es\/mediateca\/#breadcrumb\",\"itemListElement\":[{\"@type\":\"ListItem\",\"position\":1,\"name\":\"Home\",\"item\":\"https:\/\/urdaburu.eus\/es\/\"},{\"@type\":\"ListItem\",\"position\":2,\"name\":\"Mediateca\"}]}]}<\/script>\n<!-- \/ Yoast SEO plugin. -->","yoast_head_json":{"title":"Mediateca - Urdaburu","robots":{"index":"index","follow":"follow","max-snippet":"max-snippet:-1","max-image-preview":"max-image-preview:large","max-video-preview":"max-video-preview:-1"},"canonical":"https:\/\/urdaburu.eus\/es\/mediateca\/","og_locale":"es_ES","og_type":"article","og_title":"Mediateca - Urdaburu","og_description":"Descubre Nuestras Actividades y Proyecciones Bienvenid@ a nuestra secci\u00f3n multimedia, un espacio donde podr\u00e1s conocer m\u00e1s sobre las actividades que realizamos. Aqu\u00ed encontrar\u00e1s fotos y","og_url":"https:\/\/urdaburu.eus\/es\/mediateca\/","og_site_name":"Urdaburu","article_modified_time":"2024-12-10T21:59:52+00:00","twitter_card":"summary_large_image","twitter_misc":{"Est. reading time":"1 minuto"},"schema":{"@context":"https:\/\/schema.org","@graph":[{"@type":"WebSite","@id":"https:\/\/urdaburu.eus\/#website","url":"https:\/\/urdaburu.eus\/","name":"Urdaburu","description":"Grupo de Monta\u00f1a ","potentialAction":[{"@type":"SearchAction","target":{"@type":"EntryPoint","urlTemplate":"https:\/\/urdaburu.eus\/?s={search_term_string}"},"query-input":"required name=search_term_string"}],"inLanguage":"es"},{"@type":"WebPage","@id":"https:\/\/urdaburu.eus\/es\/mediateca\/#webpage","url":"https:\/\/urdaburu.eus\/es\/mediateca\/","name":"Mediateca - Urdaburu","isPartOf":{"@id":"https:\/\/urdaburu.eus\/#website"},"datePublished":"2024-12-10T21:39:54+00:00","dateModified":"2024-12-10T21:59:52+00:00","breadcrumb":{"@id":"https:\/\/urdaburu.eus\/es\/mediateca\/#breadcrumb"},"inLanguage":"es","potentialAction":[{"@type":"ReadAction","target":["https:\/\/urdaburu.eus\/es\/mediateca\/"]}]},{"@type":"BreadcrumbList","@id":"https:\/\/urdaburu.eus\/es\/mediateca\/#breadcrumb","itemListElement":[{"@type":"ListItem","position":1,"name":"Home","item":"https:\/\/urdaburu.eus\/es\/"},{"@type":"ListItem","position":2,"name":"Mediateca"}]}]}},"_links":{"self":[{"href":"https:\/\/urdaburu.eus\/es\/wp-json\/wp\/v2\/pages\/6896"}],"collection":[{"href":"https:\/\/urdaburu.eus\/es\/wp-json\/wp\/v2\/pages"}],"about":[{"href":"https:\/\/urdaburu.eus\/es\/wp-json\/wp\/v2\/types\/page"}],"author":[{"embeddable":true,"href":"https:\/\/urdaburu.eus\/es\/wp-json\/wp\/v2\/users\/2"}],"replies":[{"embeddable":true,"href":"https:\/\/urdaburu.eus\/es\/wp-json\/wp\/v2\/comments?post=6896"}],"version-history":[{"count":12,"href":"https:\/\/urdaburu.eus\/es\/wp-json\/wp\/v2\/pages\/6896\/revisions"}],"predecessor-version":[{"id":6915,"href":"https:\/\/urdaburu.eus\/es\/wp-json\/wp\/v2\/pages\/6896\/revisions\/6915"}],"wp:attachment":[{"href":"https:\/\/urdaburu.eus\/es\/wp-json\/wp\/v2\/media?parent=6896"}],"curies":[{"name":"wp","href":"https:\/\/api.w.org\/{rel}","templated":true}]}}

<section class="actividades-montana">
  <div class="container">
    <h4>Descubre Nuestras Actividades y Proyecciones</h4>
    <p>Bienvenid@ a nuestra sección multimedia, un espacio donde podrás conocer más sobre las actividades que realizamos. Aquí encontrarás fotos y videos de nuestras salidas montañeras, que muestran la diversidad de actividades que realizamos. </p>
    
    <p>Además de nuestras salidas, en esta sección podrás disfrutar de los videos de nuestras proyecciones, donde compartimos experiencias, conocimientos y relatos sobre la montaña y otras actividades. ¡Acompáñanos a revivir estos momentos y siente la montaña a través de nuestros ojos!</p>

 <div class="iconos-seccion">
      <a href="https://www.flickr.com/photos/195341817@N02/collections" class="icono-salidas">
        <i class="fas fa-photo"></i>
        <p>Fotografías</p>
      </a>
      <a href="https://urdaburu.eus/es/hilabeteko-proiekzioa/" class="icono-proyecciones">
        <i class="fas fa-video"></i>
        <p>Proyecciones</p>
      </a>
    </div>
</div></section>



<link rel="stylesheet" href="https://cdnjs.cloudflare.com/ajax/libs/font-awesome/5.15.4/css/all.min.css">

<p>Descubre Nuestras Actividades y Proyecciones Bienvenid@ a nuestra sección multimedia, un espacio donde podrás conocer más sobre las actividades que realizamos. Aquí encontrarás fotos y</p>

<!-- This site is optimized with the Yoast SEO plugin v19.1 - https://yoast.com/wordpress/plugins/seo/ -->
<title>Mediateca - Urdaburu</title>
<meta name="robots" content="index, follow, max-snippet:-1, max-image-preview:large, max-video-preview:-1" />
<link rel="canonical" href="https://urdaburu.eus/es/mediateca/" />
<meta property="og:locale" content="es_ES" />
<meta property="og:type" content="article" />
<meta property="og:title" content="Mediateca - Urdaburu" />
<meta property="og:description" content="Descubre Nuestras Actividades y Proyecciones Bienvenid@ a nuestra sección multimedia, un espacio donde podrás conocer más sobre las actividades que realizamos. Aquí encontrarás fotos y" />
<meta property="og:url" content="https://urdaburu.eus/es/mediateca/" />
<meta property="og:site_name" content="Urdaburu" />
<meta property="article:modified_time" content="2024-12-10T21:59:52+00:00" />
<meta name="twitter:card" content="summary_large_image" />
<meta name="twitter:label1" content="Est. reading time" />
	<meta name="twitter:data1" content="1 minuto" />
<script type="application/ld+json" class="yoast-schema-graph">{"@context":"https://schema.org","@graph":[{"@type":"WebSite","@id":"https://urdaburu.eus/#website","url":"https://urdaburu.eus/","name":"Urdaburu","description":"Grupo de Montaña ","potentialAction":[{"@type":"SearchAction","target":{"@type":"EntryPoint","urlTemplate":"https://urdaburu.eus/?s={search_term_string}"},"query-input":"required name=search_term_string"}],"inLanguage":"es"},{"@type":"WebPage","@id":"https://urdaburu.eus/es/mediateca/#webpage","url":"https://urdaburu.eus/es/mediateca/","name":"Mediateca - Urdaburu","isPartOf":{"@id":"https://urdaburu.eus/#website"},"datePublished":"2024-12-10T21:39:54+00:00","dateModified":"2024-12-10T21:59:52+00:00","breadcrumb":{"@id":"https://urdaburu.eus/es/mediateca/#breadcrumb"},"inLanguage":"es","potentialAction":[{"@type":"ReadAction","target":["https://urdaburu.eus/es/mediateca/"]}]},{"@type":"BreadcrumbList","@id":"https://urdaburu.eus/es/mediateca/#breadcrumb","itemListElement":[{"@type":"ListItem","position":1,"name":"Home","item":"https://urdaburu.eus/es/"},{"@type":"ListItem","position":2,"name":"Mediateca"}]}]}</script>
<!-- / Yoast SEO plugin. -->

Descubre Nuestras Actividades y Proyecciones Bienvenid@ a nuestra sección multimedia, un espacio donde podrás conocer más sobre las actividades que realizamos. Aquí encontrarás fotos y

Grupo de Montaña
