{"id":4818,"date":"2023-02-03T22:24:05","date_gmt":"2023-02-03T21:24:05","guid":{"rendered":"https:\/\/urdaburu.eus\/event\/pirineo-soum-de-salettes-2976\/"},"modified":"2023-06-20T12:17:47","modified_gmt":"2023-06-20T11:17:47","slug":"pirineo-soum-de-salettes-2976","status":"publish","type":"tribe_events","link":"https:\/\/urdaburu.eus\/es\/event\/pirineo-soum-de-salettes-2976\/","title":{"rendered":"Pirineo: Soum de Salettes (2976)"},"content":{"rendered":"<p><img loading=\"lazy\" src=\"https:\/\/onedrive.live.com\/embed?resid=C7432AF8BBF5BF78%212891&amp;authkey=%21AEFGYzCXa4nYLJY&amp;width=800&amp;height=243\" width=\"800\" height=\"243\" \/><\/p>\n<p><img loading=\"lazy\" src=\"https:\/\/onedrive.live.com\/embed?resid=C7432AF8BBF5BF78%212890&amp;authkey=%21AOPNmjuw3wxhLOo&amp;width=800&amp;height=273\" width=\"800\" height=\"273\" \/><br \/>\n<b>RECORRIDO:<\/b><br \/>\nSABADO 8: Tunel de Bielsa (1665)-Puerto Viejo de Bielsa (2378)-Pic de Port Vieux (2723)-Barroude (2377)-Aragnouet (1400) [17,7 km ; 1150 m ; 7h]<br \/>\nDOMINGO 9: DOMINGO 9: Piau Engaly (1850)-Port de Campbieil (2596)-Soun de Salettes (2976)-Gedre (1010) [17,7 km ; 1200 m ; 7h30]<br \/>\n<span style=\"color: red;\">Nota: <\/span>La traves\u00eda no tiene dificultades t\u00e9cnicas, pero son excursiones exigentes, con mucho desnivel positivo y negativo. Se recomienda estar habituados a andar en Pirineos y venir m\u00ednimamente preparados para los fuertes desniveles.<\/p>\n<p><b>AUTOBUS: <\/b>El s\u00e1bado a las 6:30 en Errenteria (parada de ALAMEDA) y a las 6:35 en Lintzirin<br \/>\n<b>PERNOCTA y QU\u00c9 LLEVAR:<\/b><br \/>\nEl autob\u00fas nos recoge tras las excursiones y basta con la mochila de un d\u00eda. Dormiremos en el pueblo de Guchen (Centre de Vacances Chateau Rolland) a media pensi\u00f3n (con cena y desayuno). Hay que llevar saco-s\u00e1bana o saco ligero.<br \/>\n<b>PRECIO:<\/b> 75\u20ac. Plazas limitadas. Si tienes plaza (recibir\u00e1s un correo de confirmaci\u00f3n) y tendr\u00e1s que realizar un ingreso de 75\u20ac en la cuenta corriente de sociedad para que la reserva quede confirmada.<br \/>\n<b>APUNTARSE: <\/b>Como de costumbre. Martes y jueves de 19:00 a 21:00, en nuestro local o llamando al tel\u00e9fono 943-527879.<br \/>\nO rellenando este formulario web: <a href=\"https:\/\/docs.google.com\/forms\/d\/195AKmQ5sdZSSt-Z9n0_n2znqllVFiHQmPQO83747DLc\/viewform?edit_requested=true\" target=\"_blank\" rel=\"noopener\">https:\/\/docs.google.com\/forms\/d\/195AKmQ5sdZSSt-Z9n0_n2znqllVFiHQmPQO83747DLc\/viewform?edit_requested=true<\/a><\/p>\n<p><b>DESCARGA DE ARCHIVOS<\/b><br \/>\nEn la siguiente carpeta p\u00fablica: <a href=\"https:\/\/onedrive.live.com\/?authkey=%21AJ6fK0CdVjVR0go&amp;id=C7432AF8BBF5BF78%212884&amp;cid=C7432AF8BBF5BF78\" target=\"_blank\" rel=\"noopener\"> https:\/\/onedrive.live.com\/?authkey=%21AJ6fK0CdVjVR0go&amp;id=C7432AF8BBF5BF78%212884&amp;cid=C7432AF8BBF5BF78<\/a><\/p>\n<p><b>GOOGLE MAPS:<\/b><br \/>\n<iframe loading=\"lazy\" src=\"https:\/\/www.google.com\/maps\/d\/embed?mid=1KY3PljYNEYjWZd6cfctO9qQf6tI4ovY&amp;ehbc=2E312F\" width=\"800\" height=\"600\" data-mce-fragment=\"1\"><\/iframe><\/p>\n","protected":false},"excerpt":{"rendered":"<p>RECORRIDO: SABADO 8: Tunel de Bielsa (1665)-Puerto Viejo de Bielsa (2378)-Pic de Port Vieux (2723)-Barroude (2377)-Aragnouet (1400) [17,7 km ; 1150 m ; 7h] DOMINGO<\/p>\n","protected":false},"author":4,"featured_media":0,"comment_status":"closed","ping_status":"closed","template":"","meta":[],"tags":[],"tribe_events_cat":[39],"yoast_head":"<!-- This site is optimized with the Yoast SEO plugin v19.1 - https:\/\/yoast.com\/wordpress\/plugins\/seo\/ -->\n<title>Pirineo: Soum de Salettes (2976) - Urdaburu<\/title>\n<meta name=\"robots\" content=\"index, follow, max-snippet:-1, max-image-preview:large, max-video-preview:-1\" \/>\n<link rel=\"canonical\" href=\"https:\/\/urdaburu.eus\/es\/event\/pirineo-soum-de-salettes-2976\/\" \/>\n<meta property=\"og:locale\" content=\"es_ES\" \/>\n<meta property=\"og:type\" content=\"article\" \/>\n<meta property=\"og:title\" content=\"Pirineo: Soum de Salettes (2976) - Urdaburu\" \/>\n<meta property=\"og:description\" content=\"RECORRIDO: SABADO 8: Tunel de Bielsa (1665)-Puerto Viejo de Bielsa (2378)-Pic de Port Vieux (2723)-Barroude (2377)-Aragnouet (1400) [17,7 km ; 1150 m ; 7h] DOMINGO\" \/>\n<meta property=\"og:url\" content=\"https:\/\/urdaburu.eus\/es\/event\/pirineo-soum-de-salettes-2976\/\" \/>\n<meta property=\"og:site_name\" content=\"Urdaburu\" \/>\n<meta property=\"article:modified_time\" content=\"2023-06-20T11:17:47+00:00\" \/>\n<meta property=\"og:image\" content=\"https:\/\/onedrive.live.com\/embed?resid=C7432AF8BBF5BF78%212891&#038;authkey=%21AEFGYzCXa4nYLJY&#038;width=800&#038;height=243\" \/>\n<meta name=\"twitter:card\" content=\"summary_large_image\" \/>\n<meta name=\"twitter:label1\" content=\"Est. reading time\" \/>\n\t<meta name=\"twitter:data1\" content=\"2 minutos\" \/>\n<script type=\"application\/ld+json\" class=\"yoast-schema-graph\">{\"@context\":\"https:\/\/schema.org\",\"@graph\":[{\"@type\":\"WebSite\",\"@id\":\"https:\/\/urdaburu.eus\/#website\",\"url\":\"https:\/\/urdaburu.eus\/\",\"name\":\"Urdaburu\",\"description\":\"Grupo de Monta\u00f1a \",\"potentialAction\":[{\"@type\":\"SearchAction\",\"target\":{\"@type\":\"EntryPoint\",\"urlTemplate\":\"https:\/\/urdaburu.eus\/?s={search_term_string}\"},\"query-input\":\"required name=search_term_string\"}],\"inLanguage\":\"es\"},{\"@type\":\"ImageObject\",\"inLanguage\":\"es\",\"@id\":\"https:\/\/urdaburu.eus\/es\/event\/pirineo-soum-de-salettes-2976\/#primaryimage\",\"url\":\"https:\/\/onedrive.live.com\/embed?resid=C7432AF8BBF5BF78%212891&amp;authkey=%21AEFGYzCXa4nYLJY&amp;width=800&amp;height=243\",\"contentUrl\":\"https:\/\/onedrive.live.com\/embed?resid=C7432AF8BBF5BF78%212891&amp;authkey=%21AEFGYzCXa4nYLJY&amp;width=800&amp;height=243\"},{\"@type\":\"WebPage\",\"@id\":\"https:\/\/urdaburu.eus\/es\/event\/pirineo-soum-de-salettes-2976\/#webpage\",\"url\":\"https:\/\/urdaburu.eus\/es\/event\/pirineo-soum-de-salettes-2976\/\",\"name\":\"Pirineo: Soum de Salettes (2976) - Urdaburu\",\"isPartOf\":{\"@id\":\"https:\/\/urdaburu.eus\/#website\"},\"primaryImageOfPage\":{\"@id\":\"https:\/\/urdaburu.eus\/es\/event\/pirineo-soum-de-salettes-2976\/#primaryimage\"},\"datePublished\":\"2023-02-03T21:24:05+00:00\",\"dateModified\":\"2023-06-20T11:17:47+00:00\",\"breadcrumb\":{\"@id\":\"https:\/\/urdaburu.eus\/es\/event\/pirineo-soum-de-salettes-2976\/#breadcrumb\"},\"inLanguage\":\"es\",\"potentialAction\":[{\"@type\":\"ReadAction\",\"target\":[\"https:\/\/urdaburu.eus\/es\/event\/pirineo-soum-de-salettes-2976\/\"]}]},{\"@type\":\"BreadcrumbList\",\"@id\":\"https:\/\/urdaburu.eus\/es\/event\/pirineo-soum-de-salettes-2976\/#breadcrumb\",\"itemListElement\":[{\"@type\":\"ListItem\",\"position\":1,\"name\":\"Home\",\"item\":\"https:\/\/urdaburu.eus\/es\/\"},{\"@type\":\"ListItem\",\"position\":2,\"name\":\"Eventos\",\"item\":\"https:\/\/urdaburu.eus\/es\/eventos\/\"},{\"@type\":\"ListItem\",\"position\":3,\"name\":\"Pirineo: Soum de Salettes (2976)\"}]}]}<\/script>\n<!-- \/ Yoast SEO plugin. -->","yoast_head_json":{"title":"Pirineo: Soum de Salettes (2976) - Urdaburu","robots":{"index":"index","follow":"follow","max-snippet":"max-snippet:-1","max-image-preview":"max-image-preview:large","max-video-preview":"max-video-preview:-1"},"canonical":"https:\/\/urdaburu.eus\/es\/event\/pirineo-soum-de-salettes-2976\/","og_locale":"es_ES","og_type":"article","og_title":"Pirineo: Soum de Salettes (2976) - Urdaburu","og_description":"RECORRIDO: SABADO 8: Tunel de Bielsa (1665)-Puerto Viejo de Bielsa (2378)-Pic de Port Vieux (2723)-Barroude (2377)-Aragnouet (1400) [17,7 km ; 1150 m ; 7h] DOMINGO","og_url":"https:\/\/urdaburu.eus\/es\/event\/pirineo-soum-de-salettes-2976\/","og_site_name":"Urdaburu","article_modified_time":"2023-06-20T11:17:47+00:00","og_image":[{"url":"https:\/\/onedrive.live.com\/embed?resid=C7432AF8BBF5BF78%212891&amp;authkey=%21AEFGYzCXa4nYLJY&amp;width=800&amp;height=243"}],"twitter_card":"summary_large_image","twitter_misc":{"Est. reading time":"2 minutos"},"schema":{"@context":"https:\/\/schema.org","@graph":[{"@type":"WebSite","@id":"https:\/\/urdaburu.eus\/#website","url":"https:\/\/urdaburu.eus\/","name":"Urdaburu","description":"Grupo de Monta\u00f1a ","potentialAction":[{"@type":"SearchAction","target":{"@type":"EntryPoint","urlTemplate":"https:\/\/urdaburu.eus\/?s={search_term_string}"},"query-input":"required name=search_term_string"}],"inLanguage":"es"},{"@type":"ImageObject","inLanguage":"es","@id":"https:\/\/urdaburu.eus\/es\/event\/pirineo-soum-de-salettes-2976\/#primaryimage","url":"https:\/\/onedrive.live.com\/embed?resid=C7432AF8BBF5BF78%212891&amp;authkey=%21AEFGYzCXa4nYLJY&amp;width=800&amp;height=243","contentUrl":"https:\/\/onedrive.live.com\/embed?resid=C7432AF8BBF5BF78%212891&amp;authkey=%21AEFGYzCXa4nYLJY&amp;width=800&amp;height=243"},{"@type":"WebPage","@id":"https:\/\/urdaburu.eus\/es\/event\/pirineo-soum-de-salettes-2976\/#webpage","url":"https:\/\/urdaburu.eus\/es\/event\/pirineo-soum-de-salettes-2976\/","name":"Pirineo: Soum de Salettes (2976) - Urdaburu","isPartOf":{"@id":"https:\/\/urdaburu.eus\/#website"},"primaryImageOfPage":{"@id":"https:\/\/urdaburu.eus\/es\/event\/pirineo-soum-de-salettes-2976\/#primaryimage"},"datePublished":"2023-02-03T21:24:05+00:00","dateModified":"2023-06-20T11:17:47+00:00","breadcrumb":{"@id":"https:\/\/urdaburu.eus\/es\/event\/pirineo-soum-de-salettes-2976\/#breadcrumb"},"inLanguage":"es","potentialAction":[{"@type":"ReadAction","target":["https:\/\/urdaburu.eus\/es\/event\/pirineo-soum-de-salettes-2976\/"]}]},{"@type":"BreadcrumbList","@id":"https:\/\/urdaburu.eus\/es\/event\/pirineo-soum-de-salettes-2976\/#breadcrumb","itemListElement":[{"@type":"ListItem","position":1,"name":"Home","item":"https:\/\/urdaburu.eus\/es\/"},{"@type":"ListItem","position":2,"name":"Eventos","item":"https:\/\/urdaburu.eus\/es\/eventos\/"},{"@type":"ListItem","position":3,"name":"Pirineo: Soum de Salettes (2976)"}]}]}},"_links":{"self":[{"href":"https:\/\/urdaburu.eus\/es\/wp-json\/wp\/v2\/tribe_events\/4818"}],"collection":[{"href":"https:\/\/urdaburu.eus\/es\/wp-json\/wp\/v2\/tribe_events"}],"about":[{"href":"https:\/\/urdaburu.eus\/es\/wp-json\/wp\/v2\/types\/tribe_events"}],"author":[{"embeddable":true,"href":"https:\/\/urdaburu.eus\/es\/wp-json\/wp\/v2\/users\/4"}],"replies":[{"embeddable":true,"href":"https:\/\/urdaburu.eus\/es\/wp-json\/wp\/v2\/comments?post=4818"}],"version-history":[{"count":2,"href":"https:\/\/urdaburu.eus\/es\/wp-json\/wp\/v2\/tribe_events\/4818\/revisions"}],"predecessor-version":[{"id":5393,"href":"https:\/\/urdaburu.eus\/es\/wp-json\/wp\/v2\/tribe_events\/4818\/revisions\/5393"}],"wp:attachment":[{"href":"https:\/\/urdaburu.eus\/es\/wp-json\/wp\/v2\/media?parent=4818"}],"wp:term":[{"taxonomy":"post_tag","embeddable":true,"href":"https:\/\/urdaburu.eus\/es\/wp-json\/wp\/v2\/tags?post=4818"},{"taxonomy":"tribe_events_cat","embeddable":true,"href":"https:\/\/urdaburu.eus\/es\/wp-json\/wp\/v2\/tribe_events_cat?post=4818"}],"curies":[{"name":"wp","href":"https:\/\/api.w.org\/{rel}","templated":true}]}}

<p><img loading="lazy" src="https://onedrive.live.com/embed?resid=C7432AF8BBF5BF78%212891&amp;authkey=%21AEFGYzCXa4nYLJY&amp;width=800&amp;height=243" width="800" height="243" /></p>
<p><img loading="lazy" src="https://onedrive.live.com/embed?resid=C7432AF8BBF5BF78%212890&amp;authkey=%21AOPNmjuw3wxhLOo&amp;width=800&amp;height=273" width="800" height="273" /><br />
<b>RECORRIDO:</b><br />
SABADO 8: Tunel de Bielsa (1665)-Puerto Viejo de Bielsa (2378)-Pic de Port Vieux (2723)-Barroude (2377)-Aragnouet (1400) [17,7 km ; 1150 m ; 7h]<br />
DOMINGO 9: DOMINGO 9: Piau Engaly (1850)-Port de Campbieil (2596)-Soun de Salettes (2976)-Gedre (1010) [17,7 km ; 1200 m ; 7h30]<br />
<span style="color: red;">Nota: </span>La travesía no tiene dificultades técnicas, pero son excursiones exigentes, con mucho desnivel positivo y negativo. Se recomienda estar habituados a andar en Pirineos y venir mínimamente preparados para los fuertes desniveles.</p>
<p><b>AUTOBUS: </b>El sábado a las 6:30 en Errenteria (parada de ALAMEDA) y a las 6:35 en Lintzirin<br />
<b>PERNOCTA y QUÉ LLEVAR:</b><br />
El autobús nos recoge tras las excursiones y basta con la mochila de un día. Dormiremos en el pueblo de Guchen (Centre de Vacances Chateau Rolland) a media pensión (con cena y desayuno). Hay que llevar saco-sábana o saco ligero.<br />
<b>PRECIO:</b> 75€. Plazas limitadas. Si tienes plaza (recibirás un correo de confirmación) y tendrás que realizar un ingreso de 75€ en la cuenta corriente de sociedad para que la reserva quede confirmada.<br />
<b>APUNTARSE: </b>Como de costumbre. Martes y jueves de 19:00 a 21:00, en nuestro local o llamando al teléfono 943-527879.<br />
O rellenando este formulario web: <a href="https://docs.google.com/forms/d/195AKmQ5sdZSSt-Z9n0_n2znqllVFiHQmPQO83747DLc/viewform?edit_requested=true" target="_blank" rel="noopener">https://docs.google.com/forms/d/195AKmQ5sdZSSt-Z9n0_n2znqllVFiHQmPQO83747DLc/viewform?edit_requested=true</a></p>
<p><b>DESCARGA DE ARCHIVOS</b><br />
En la siguiente carpeta pública: <a href="https://onedrive.live.com/?authkey=%21AJ6fK0CdVjVR0go&amp;id=C7432AF8BBF5BF78%212884&amp;cid=C7432AF8BBF5BF78" target="_blank" rel="noopener"> https://onedrive.live.com/?authkey=%21AJ6fK0CdVjVR0go&amp;id=C7432AF8BBF5BF78%212884&amp;cid=C7432AF8BBF5BF78</a></p>
<p><b>GOOGLE MAPS:</b><br />
<iframe loading="lazy" src="https://www.google.com/maps/d/embed?mid=1KY3PljYNEYjWZd6cfctO9qQf6tI4ovY&amp;ehbc=2E312F" width="800" height="600" data-mce-fragment="1"></iframe></p>

<!-- This site is optimized with the Yoast SEO plugin v19.1 - https://yoast.com/wordpress/plugins/seo/ -->
<title>Pirineo: Soum de Salettes (2976) - Urdaburu</title>
<meta name="robots" content="index, follow, max-snippet:-1, max-image-preview:large, max-video-preview:-1" />
<link rel="canonical" href="https://urdaburu.eus/es/event/pirineo-soum-de-salettes-2976/" />
<meta property="og:locale" content="es_ES" />
<meta property="og:type" content="article" />
<meta property="og:title" content="Pirineo: Soum de Salettes (2976) - Urdaburu" />
<meta property="og:description" content="RECORRIDO: SABADO 8: Tunel de Bielsa (1665)-Puerto Viejo de Bielsa (2378)-Pic de Port Vieux (2723)-Barroude (2377)-Aragnouet (1400) [17,7 km ; 1150 m ; 7h] DOMINGO" />
<meta property="og:url" content="https://urdaburu.eus/es/event/pirineo-soum-de-salettes-2976/" />
<meta property="og:site_name" content="Urdaburu" />
<meta property="article:modified_time" content="2023-06-20T11:17:47+00:00" />
<meta property="og:image" content="https://onedrive.live.com/embed?resid=C7432AF8BBF5BF78%212891&#038;authkey=%21AEFGYzCXa4nYLJY&#038;width=800&#038;height=243" />
<meta name="twitter:card" content="summary_large_image" />
<meta name="twitter:label1" content="Est. reading time" />
	<meta name="twitter:data1" content="2 minutos" />
<script type="application/ld+json" class="yoast-schema-graph">{"@context":"https://schema.org","@graph":[{"@type":"WebSite","@id":"https://urdaburu.eus/#website","url":"https://urdaburu.eus/","name":"Urdaburu","description":"Grupo de Montaña ","potentialAction":[{"@type":"SearchAction","target":{"@type":"EntryPoint","urlTemplate":"https://urdaburu.eus/?s={search_term_string}"},"query-input":"required name=search_term_string"}],"inLanguage":"es"},{"@type":"ImageObject","inLanguage":"es","@id":"https://urdaburu.eus/es/event/pirineo-soum-de-salettes-2976/#primaryimage","url":"https://onedrive.live.com/embed?resid=C7432AF8BBF5BF78%212891&amp;authkey=%21AEFGYzCXa4nYLJY&amp;width=800&amp;height=243","contentUrl":"https://onedrive.live.com/embed?resid=C7432AF8BBF5BF78%212891&amp;authkey=%21AEFGYzCXa4nYLJY&amp;width=800&amp;height=243"},{"@type":"WebPage","@id":"https://urdaburu.eus/es/event/pirineo-soum-de-salettes-2976/#webpage","url":"https://urdaburu.eus/es/event/pirineo-soum-de-salettes-2976/","name":"Pirineo: Soum de Salettes (2976) - Urdaburu","isPartOf":{"@id":"https://urdaburu.eus/#website"},"primaryImageOfPage":{"@id":"https://urdaburu.eus/es/event/pirineo-soum-de-salettes-2976/#primaryimage"},"datePublished":"2023-02-03T21:24:05+00:00","dateModified":"2023-06-20T11:17:47+00:00","breadcrumb":{"@id":"https://urdaburu.eus/es/event/pirineo-soum-de-salettes-2976/#breadcrumb"},"inLanguage":"es","potentialAction":[{"@type":"ReadAction","target":["https://urdaburu.eus/es/event/pirineo-soum-de-salettes-2976/"]}]},{"@type":"BreadcrumbList","@id":"https://urdaburu.eus/es/event/pirineo-soum-de-salettes-2976/#breadcrumb","itemListElement":[{"@type":"ListItem","position":1,"name":"Home","item":"https://urdaburu.eus/es/"},{"@type":"ListItem","position":2,"name":"Eventos","item":"https://urdaburu.eus/es/eventos/"},{"@type":"ListItem","position":3,"name":"Pirineo: Soum de Salettes (2976)"}]}]}</script>
<!-- / Yoast SEO plugin. -->

Grupo de Montaña
