{"id":532,"date":"2018-12-28T00:36:43","date_gmt":"2018-12-27T23:36:43","guid":{"rendered":"http:\/\/urdaburu.eus\/?post_type=tribe_events&#038;p=532"},"modified":"2018-12-28T01:52:08","modified_gmt":"2018-12-28T00:52:08","slug":"ano-nuevo-subida-a-urdaburu","status":"publish","type":"tribe_events","link":"https:\/\/urdaburu.eus\/es\/event\/ano-nuevo-subida-a-urdaburu\/","title":{"rendered":"A\u00f1o nuevo:\u00a0subida\u00a0a\u00a0Urdaburu"},"content":{"rendered":"<p class=\"m_-6694878741703710822m_-1239688247079471636gmail-m_-6554386149781071475gmail-m_3481502159673748514gmail-western\"><span style=\"font-family: Arial, sans-serif;\">Para los que os anim\u00e9is el primer d\u00eda del a\u00f1o 2019 ascenderemos al monte\u00a0<span class=\"m_-6694878741703710822m_-1239688247079471636gmail-m_-6554386149781071475gmail-il\">URDABURU.<\/span><\/span><\/p>\n<p class=\"m_-6694878741703710822m_-1239688247079471636gmail-m_-6554386149781071475gmail-m_3481502159673748514gmail-western\"><span style=\"font-family: Arial, sans-serif;\">Solo como referencia, puesto que es un d\u00eda marcado por los compromisos anteriores y posteriores, planteamos quedar con los que quieran y puedan,\u00a0<\/span><span style=\"font-family: Arial, sans-serif;\"><b>a las 9:30 horas en Idoia (Susperregi) y entre las 10:30 y las 11:00 horas en la cima le daremos la bienvenida al a\u00f1o nuevo.<\/b><\/span><\/p>\n","protected":false},"excerpt":{"rendered":"<p>Para los que os anim\u00e9is el primer d\u00eda del a\u00f1o 2019 ascenderemos al monte\u00a0URDABURU. Solo como referencia, puesto que es un d\u00eda marcado por los<\/p>\n","protected":false},"author":2,"featured_media":191,"comment_status":"open","ping_status":"closed","template":"","meta":[],"tags":[],"tribe_events_cat":[],"yoast_head":"<!-- This site is optimized with the Yoast SEO plugin v19.1 - https:\/\/yoast.com\/wordpress\/plugins\/seo\/ -->\n<title>A\u00f1o nuevo:\u00a0subida\u00a0a\u00a0Urdaburu - Urdaburu<\/title>\n<meta name=\"robots\" content=\"index, follow, max-snippet:-1, max-image-preview:large, max-video-preview:-1\" \/>\n<link rel=\"canonical\" href=\"https:\/\/urdaburu.eus\/es\/event\/ano-nuevo-subida-a-urdaburu\/\" \/>\n<meta property=\"og:locale\" content=\"es_ES\" \/>\n<meta property=\"og:type\" content=\"article\" \/>\n<meta property=\"og:title\" content=\"A\u00f1o nuevo:\u00a0subida\u00a0a\u00a0Urdaburu - Urdaburu\" \/>\n<meta property=\"og:description\" content=\"Para los que os anim\u00e9is el primer d\u00eda del a\u00f1o 2019 ascenderemos al monte\u00a0URDABURU. Solo como referencia, puesto que es un d\u00eda marcado por los\" \/>\n<meta property=\"og:url\" content=\"https:\/\/urdaburu.eus\/es\/event\/ano-nuevo-subida-a-urdaburu\/\" \/>\n<meta property=\"og:site_name\" content=\"Urdaburu\" \/>\n<meta property=\"article:modified_time\" content=\"2018-12-28T00:52:08+00:00\" \/>\n<meta property=\"og:image\" content=\"https:\/\/urdaburu.eus\/app\/uploads\/2017\/11\/2017-11-26-Urdaburu.jpg\" \/>\n\t<meta property=\"og:image:width\" content=\"900\" \/>\n\t<meta property=\"og:image:height\" content=\"675\" \/>\n\t<meta property=\"og:image:type\" content=\"image\/jpeg\" \/>\n<meta name=\"twitter:card\" content=\"summary_large_image\" \/>\n<script type=\"application\/ld+json\" class=\"yoast-schema-graph\">{\"@context\":\"https:\/\/schema.org\",\"@graph\":[{\"@type\":\"WebSite\",\"@id\":\"https:\/\/urdaburu.eus\/#website\",\"url\":\"https:\/\/urdaburu.eus\/\",\"name\":\"Urdaburu\",\"description\":\"Grupo de Monta\u00f1a \",\"potentialAction\":[{\"@type\":\"SearchAction\",\"target\":{\"@type\":\"EntryPoint\",\"urlTemplate\":\"https:\/\/urdaburu.eus\/?s={search_term_string}\"},\"query-input\":\"required name=search_term_string\"}],\"inLanguage\":\"es\"},{\"@type\":\"ImageObject\",\"inLanguage\":\"es\",\"@id\":\"https:\/\/urdaburu.eus\/es\/event\/ano-nuevo-subida-a-urdaburu\/#primaryimage\",\"url\":\"\/app\/uploads\/2017\/11\/2017-11-26-Urdaburu.jpg\",\"contentUrl\":\"\/app\/uploads\/2017\/11\/2017-11-26-Urdaburu.jpg\",\"width\":900,\"height\":675},{\"@type\":\"WebPage\",\"@id\":\"https:\/\/urdaburu.eus\/es\/event\/ano-nuevo-subida-a-urdaburu\/#webpage\",\"url\":\"https:\/\/urdaburu.eus\/es\/event\/ano-nuevo-subida-a-urdaburu\/\",\"name\":\"A\u00f1o nuevo:\u00a0subida\u00a0a\u00a0Urdaburu - Urdaburu\",\"isPartOf\":{\"@id\":\"https:\/\/urdaburu.eus\/#website\"},\"primaryImageOfPage\":{\"@id\":\"https:\/\/urdaburu.eus\/es\/event\/ano-nuevo-subida-a-urdaburu\/#primaryimage\"},\"datePublished\":\"2018-12-27T23:36:43+00:00\",\"dateModified\":\"2018-12-28T00:52:08+00:00\",\"breadcrumb\":{\"@id\":\"https:\/\/urdaburu.eus\/es\/event\/ano-nuevo-subida-a-urdaburu\/#breadcrumb\"},\"inLanguage\":\"es\",\"potentialAction\":[{\"@type\":\"ReadAction\",\"target\":[\"https:\/\/urdaburu.eus\/es\/event\/ano-nuevo-subida-a-urdaburu\/\"]}]},{\"@type\":\"BreadcrumbList\",\"@id\":\"https:\/\/urdaburu.eus\/es\/event\/ano-nuevo-subida-a-urdaburu\/#breadcrumb\",\"itemListElement\":[{\"@type\":\"ListItem\",\"position\":1,\"name\":\"Home\",\"item\":\"https:\/\/urdaburu.eus\/es\/\"},{\"@type\":\"ListItem\",\"position\":2,\"name\":\"Eventos\",\"item\":\"https:\/\/urdaburu.eus\/es\/eventos\/\"},{\"@type\":\"ListItem\",\"position\":3,\"name\":\"A\u00f1o nuevo:\u00a0subida\u00a0a\u00a0Urdaburu\"}]}]}<\/script>\n<!-- \/ Yoast SEO plugin. -->","yoast_head_json":{"title":"A\u00f1o nuevo:\u00a0subida\u00a0a\u00a0Urdaburu - Urdaburu","robots":{"index":"index","follow":"follow","max-snippet":"max-snippet:-1","max-image-preview":"max-image-preview:large","max-video-preview":"max-video-preview:-1"},"canonical":"https:\/\/urdaburu.eus\/es\/event\/ano-nuevo-subida-a-urdaburu\/","og_locale":"es_ES","og_type":"article","og_title":"A\u00f1o nuevo:\u00a0subida\u00a0a\u00a0Urdaburu - Urdaburu","og_description":"Para los que os anim\u00e9is el primer d\u00eda del a\u00f1o 2019 ascenderemos al monte\u00a0URDABURU. Solo como referencia, puesto que es un d\u00eda marcado por los","og_url":"https:\/\/urdaburu.eus\/es\/event\/ano-nuevo-subida-a-urdaburu\/","og_site_name":"Urdaburu","article_modified_time":"2018-12-28T00:52:08+00:00","og_image":[{"width":900,"height":675,"url":"https:\/\/urdaburu.eus\/app\/uploads\/2017\/11\/2017-11-26-Urdaburu.jpg","type":"image\/jpeg"}],"twitter_card":"summary_large_image","schema":{"@context":"https:\/\/schema.org","@graph":[{"@type":"WebSite","@id":"https:\/\/urdaburu.eus\/#website","url":"https:\/\/urdaburu.eus\/","name":"Urdaburu","description":"Grupo de Monta\u00f1a ","potentialAction":[{"@type":"SearchAction","target":{"@type":"EntryPoint","urlTemplate":"https:\/\/urdaburu.eus\/?s={search_term_string}"},"query-input":"required name=search_term_string"}],"inLanguage":"es"},{"@type":"ImageObject","inLanguage":"es","@id":"https:\/\/urdaburu.eus\/es\/event\/ano-nuevo-subida-a-urdaburu\/#primaryimage","url":"\/app\/uploads\/2017\/11\/2017-11-26-Urdaburu.jpg","contentUrl":"\/app\/uploads\/2017\/11\/2017-11-26-Urdaburu.jpg","width":900,"height":675},{"@type":"WebPage","@id":"https:\/\/urdaburu.eus\/es\/event\/ano-nuevo-subida-a-urdaburu\/#webpage","url":"https:\/\/urdaburu.eus\/es\/event\/ano-nuevo-subida-a-urdaburu\/","name":"A\u00f1o nuevo:\u00a0subida\u00a0a\u00a0Urdaburu - Urdaburu","isPartOf":{"@id":"https:\/\/urdaburu.eus\/#website"},"primaryImageOfPage":{"@id":"https:\/\/urdaburu.eus\/es\/event\/ano-nuevo-subida-a-urdaburu\/#primaryimage"},"datePublished":"2018-12-27T23:36:43+00:00","dateModified":"2018-12-28T00:52:08+00:00","breadcrumb":{"@id":"https:\/\/urdaburu.eus\/es\/event\/ano-nuevo-subida-a-urdaburu\/#breadcrumb"},"inLanguage":"es","potentialAction":[{"@type":"ReadAction","target":["https:\/\/urdaburu.eus\/es\/event\/ano-nuevo-subida-a-urdaburu\/"]}]},{"@type":"BreadcrumbList","@id":"https:\/\/urdaburu.eus\/es\/event\/ano-nuevo-subida-a-urdaburu\/#breadcrumb","itemListElement":[{"@type":"ListItem","position":1,"name":"Home","item":"https:\/\/urdaburu.eus\/es\/"},{"@type":"ListItem","position":2,"name":"Eventos","item":"https:\/\/urdaburu.eus\/es\/eventos\/"},{"@type":"ListItem","position":3,"name":"A\u00f1o nuevo:\u00a0subida\u00a0a\u00a0Urdaburu"}]}]}},"_links":{"self":[{"href":"https:\/\/urdaburu.eus\/es\/wp-json\/wp\/v2\/tribe_events\/532"}],"collection":[{"href":"https:\/\/urdaburu.eus\/es\/wp-json\/wp\/v2\/tribe_events"}],"about":[{"href":"https:\/\/urdaburu.eus\/es\/wp-json\/wp\/v2\/types\/tribe_events"}],"author":[{"embeddable":true,"href":"https:\/\/urdaburu.eus\/es\/wp-json\/wp\/v2\/users\/2"}],"replies":[{"embeddable":true,"href":"https:\/\/urdaburu.eus\/es\/wp-json\/wp\/v2\/comments?post=532"}],"version-history":[{"count":1,"href":"https:\/\/urdaburu.eus\/es\/wp-json\/wp\/v2\/tribe_events\/532\/revisions"}],"predecessor-version":[{"id":534,"href":"https:\/\/urdaburu.eus\/es\/wp-json\/wp\/v2\/tribe_events\/532\/revisions\/534"}],"wp:featuredmedia":[{"embeddable":true,"href":"https:\/\/urdaburu.eus\/es\/wp-json\/wp\/v2\/media\/191"}],"wp:attachment":[{"href":"https:\/\/urdaburu.eus\/es\/wp-json\/wp\/v2\/media?parent=532"}],"wp:term":[{"taxonomy":"post_tag","embeddable":true,"href":"https:\/\/urdaburu.eus\/es\/wp-json\/wp\/v2\/tags?post=532"},{"taxonomy":"tribe_events_cat","embeddable":true,"href":"https:\/\/urdaburu.eus\/es\/wp-json\/wp\/v2\/tribe_events_cat?post=532"}],"curies":[{"name":"wp","href":"https:\/\/api.w.org\/{rel}","templated":true}]}}

Año nuevo: subida a Urdaburu

<p class="m_-6694878741703710822m_-1239688247079471636gmail-m_-6554386149781071475gmail-m_3481502159673748514gmail-western"><span style="font-family: Arial, sans-serif;">Para los que os animéis el primer día del año 2019 ascenderemos al monte <span class="m_-6694878741703710822m_-1239688247079471636gmail-m_-6554386149781071475gmail-il">URDABURU.</span></span></p>
<p class="m_-6694878741703710822m_-1239688247079471636gmail-m_-6554386149781071475gmail-m_3481502159673748514gmail-western"><span style="font-family: Arial, sans-serif;">Solo como referencia, puesto que es un día marcado por los compromisos anteriores y posteriores, planteamos quedar con los que quieran y puedan, </span><span style="font-family: Arial, sans-serif;"><b>a las 9:30 horas en Idoia (Susperregi) y entre las 10:30 y las 11:00 horas en la cima le daremos la bienvenida al año nuevo.</b></span></p>

<p>Para los que os animéis el primer día del año 2019 ascenderemos al monte URDABURU. Solo como referencia, puesto que es un día marcado por los</p>

<!-- This site is optimized with the Yoast SEO plugin v19.1 - https://yoast.com/wordpress/plugins/seo/ -->
<title>Año nuevo: subida a Urdaburu - Urdaburu</title>
<meta name="robots" content="index, follow, max-snippet:-1, max-image-preview:large, max-video-preview:-1" />
<link rel="canonical" href="https://urdaburu.eus/es/event/ano-nuevo-subida-a-urdaburu/" />
<meta property="og:locale" content="es_ES" />
<meta property="og:type" content="article" />
<meta property="og:title" content="Año nuevo: subida a Urdaburu - Urdaburu" />
<meta property="og:description" content="Para los que os animéis el primer día del año 2019 ascenderemos al monte URDABURU. Solo como referencia, puesto que es un día marcado por los" />
<meta property="og:url" content="https://urdaburu.eus/es/event/ano-nuevo-subida-a-urdaburu/" />
<meta property="og:site_name" content="Urdaburu" />
<meta property="article:modified_time" content="2018-12-28T00:52:08+00:00" />
<meta property="og:image" content="https://urdaburu.eus/app/uploads/2017/11/2017-11-26-Urdaburu.jpg" />
	<meta property="og:image:width" content="900" />
	<meta property="og:image:height" content="675" />
	<meta property="og:image:type" content="image/jpeg" />
<meta name="twitter:card" content="summary_large_image" />
<script type="application/ld+json" class="yoast-schema-graph">{"@context":"https://schema.org","@graph":[{"@type":"WebSite","@id":"https://urdaburu.eus/#website","url":"https://urdaburu.eus/","name":"Urdaburu","description":"Grupo de Montaña ","potentialAction":[{"@type":"SearchAction","target":{"@type":"EntryPoint","urlTemplate":"https://urdaburu.eus/?s={search_term_string}"},"query-input":"required name=search_term_string"}],"inLanguage":"es"},{"@type":"ImageObject","inLanguage":"es","@id":"https://urdaburu.eus/es/event/ano-nuevo-subida-a-urdaburu/#primaryimage","url":"/app/uploads/2017/11/2017-11-26-Urdaburu.jpg","contentUrl":"/app/uploads/2017/11/2017-11-26-Urdaburu.jpg","width":900,"height":675},{"@type":"WebPage","@id":"https://urdaburu.eus/es/event/ano-nuevo-subida-a-urdaburu/#webpage","url":"https://urdaburu.eus/es/event/ano-nuevo-subida-a-urdaburu/","name":"Año nuevo: subida a Urdaburu - Urdaburu","isPartOf":{"@id":"https://urdaburu.eus/#website"},"primaryImageOfPage":{"@id":"https://urdaburu.eus/es/event/ano-nuevo-subida-a-urdaburu/#primaryimage"},"datePublished":"2018-12-27T23:36:43+00:00","dateModified":"2018-12-28T00:52:08+00:00","breadcrumb":{"@id":"https://urdaburu.eus/es/event/ano-nuevo-subida-a-urdaburu/#breadcrumb"},"inLanguage":"es","potentialAction":[{"@type":"ReadAction","target":["https://urdaburu.eus/es/event/ano-nuevo-subida-a-urdaburu/"]}]},{"@type":"BreadcrumbList","@id":"https://urdaburu.eus/es/event/ano-nuevo-subida-a-urdaburu/#breadcrumb","itemListElement":[{"@type":"ListItem","position":1,"name":"Home","item":"https://urdaburu.eus/es/"},{"@type":"ListItem","position":2,"name":"Eventos","item":"https://urdaburu.eus/es/eventos/"},{"@type":"ListItem","position":3,"name":"Año nuevo: subida a Urdaburu"}]}]}</script>
<!-- / Yoast SEO plugin. -->

Año nuevo: subida a Urdaburu - Urdaburu

Para los que os animéis el primer día del año 2019 ascenderemos al monte URDABURU. Solo como referencia, puesto que es un día marcado por los

Grupo de Montaña
