{"id":679,"date":"2019-01-02T13:26:34","date_gmt":"2019-01-02T12:26:34","guid":{"rendered":"http:\/\/urdaburu.eus\/?post_type=tribe_events&#038;p=679"},"modified":"2019-01-08T16:17:09","modified_gmt":"2019-01-08T15:17:09","slug":"cursillo-de-esqui-de-fondo-para-escolares","status":"publish","type":"tribe_events","link":"https:\/\/urdaburu.eus\/es\/event\/cursillo-de-esqui-de-fondo-para-escolares\/","title":{"rendered":"Cursillo de esqui de fondo para escolares"},"content":{"rendered":"<p>Atendiendo a vuestras peticiones URDABURU MENDIZALE ELKARTEA ha organizado para los d\u00edas 2 y 3 de febrero un cursillo de Ski de fondo para escolares.\u00a0 Ser\u00e1 en la estaci\u00f3n de\u00a0<span class=\"il\">eski<\/span>\u00a0de Somport y el alojamiento en el albergue \u00abEl \u00e1guila\u00bb (Candanch\u00fa).<\/p>\n<p>Podr\u00e1n formar parte en el cursillo los nacidos entre 2005 y 2010 (incluidos), esto es, desde LH3 a DBH2. TODOS deber\u00e1n ir acompa\u00f1ados de un adulto responsable (un adulto podr\u00e1 ser responsable de hasta 3 escolares).<\/p>\n<p>El precio del cursillo es de 60\u20ac para los adultos y 50\u20ac para los escolares. En el precio est\u00e1 incluido el autob\u00fas y el hospedaje (cena del s\u00e1bado y desayuno del domingo). En el caso de los escolares tienen incluido adem\u00e1s el alquiler del material y el fortfait.<\/p>\n<p>Plazo de inscripci\u00f3n:<\/p>\n<ul>\n<li>Del 5 al 12 de diciembre para socios y socias de Urdaburu y para los escolares que participan en las salidas monta\u00f1eras de URDABURU dentro del programa eskola kirola (temporadas 2017-18 y 2018-19).<\/li>\n<li>Del 13 al 21 de diciembre para el resto.<\/li>\n<\/ul>\n<p><b>La inscripci\u00f3n se ha de realizar a trav\u00e9s del siguiente formulario:<\/b><\/p>\n<p><a href=\"https:\/\/sites.google.com\/view\/urdaburumendizaleelkartea\/ikastaroak\/2019-01-12_13-ski-ikastaroa\" target=\"_blank\" rel=\"noopener\" data-saferedirecturl=\"https:\/\/www.google.com\/url?q=https:\/\/sites.google.com\/view\/urdaburumendizaleelkartea\/ikastaroak\/2019-01-12_13-ski-ikastaroa&amp;source=gmail&amp;ust=1546517863789000&amp;usg=AFQjCNGDIXqR0NAXJTclCGkYuRvlwVSe3Q\">https:\/\/sites.google.com\/view\/<wbr \/>urdaburumendizaleelkartea\/<wbr \/>ikastaroak\/2019-01-12_13-ski-<wbr \/><span class=\"il\">ikastaroa<\/span><\/a><\/p>\n<p>Una vez validada la petici\u00f3n habr\u00e1 que hacer un ingreso en la cuenta corriente de la sociedad: 30\u20ac por adulto y 25\u20ac por escolar. En caso de baja, s\u00f3lo se devolver\u00e1 el dinero en el caso de que las plazas correspondientes queden cubiertas.<\/p>\n","protected":false},"excerpt":{"rendered":"<p>Atendiendo a vuestras peticiones URDABURU MENDIZALE ELKARTEA ha organizado para los d\u00edas 2 y 3 de febrero un cursillo de Ski de fondo para escolares.\u00a0<\/p>\n","protected":false},"author":2,"featured_media":443,"comment_status":"open","ping_status":"closed","template":"","meta":[],"tags":[],"tribe_events_cat":[39],"yoast_head":"<!-- This site is optimized with the Yoast SEO plugin v19.1 - https:\/\/yoast.com\/wordpress\/plugins\/seo\/ -->\n<title>Cursillo de esqui de fondo para escolares - Urdaburu<\/title>\n<meta name=\"robots\" content=\"index, follow, max-snippet:-1, max-image-preview:large, max-video-preview:-1\" \/>\n<link rel=\"canonical\" href=\"https:\/\/urdaburu.eus\/es\/event\/cursillo-de-esqui-de-fondo-para-escolares\/\" \/>\n<meta property=\"og:locale\" content=\"es_ES\" \/>\n<meta property=\"og:type\" content=\"article\" \/>\n<meta property=\"og:title\" content=\"Cursillo de esqui de fondo para escolares - Urdaburu\" \/>\n<meta property=\"og:description\" content=\"Atendiendo a vuestras peticiones URDABURU MENDIZALE ELKARTEA ha organizado para los d\u00edas 2 y 3 de febrero un cursillo de Ski de fondo para escolares.\u00a0\" \/>\n<meta property=\"og:url\" content=\"https:\/\/urdaburu.eus\/es\/event\/cursillo-de-esqui-de-fondo-para-escolares\/\" \/>\n<meta property=\"og:site_name\" content=\"Urdaburu\" \/>\n<meta property=\"article:modified_time\" content=\"2019-01-08T15:17:09+00:00\" \/>\n<meta property=\"og:image\" content=\"https:\/\/urdaburu.eus\/app\/uploads\/2018\/12\/Iraupen-eskia.jpg\" \/>\n\t<meta property=\"og:image:width\" content=\"1200\" \/>\n\t<meta property=\"og:image:height\" content=\"675\" \/>\n\t<meta property=\"og:image:type\" content=\"image\/jpeg\" \/>\n<meta name=\"twitter:card\" content=\"summary_large_image\" \/>\n<meta name=\"twitter:label1\" content=\"Est. reading time\" \/>\n\t<meta name=\"twitter:data1\" content=\"1 minuto\" \/>\n<script type=\"application\/ld+json\" class=\"yoast-schema-graph\">{\"@context\":\"https:\/\/schema.org\",\"@graph\":[{\"@type\":\"WebSite\",\"@id\":\"https:\/\/urdaburu.eus\/#website\",\"url\":\"https:\/\/urdaburu.eus\/\",\"name\":\"Urdaburu\",\"description\":\"Grupo de Monta\u00f1a \",\"potentialAction\":[{\"@type\":\"SearchAction\",\"target\":{\"@type\":\"EntryPoint\",\"urlTemplate\":\"https:\/\/urdaburu.eus\/?s={search_term_string}\"},\"query-input\":\"required name=search_term_string\"}],\"inLanguage\":\"es\"},{\"@type\":\"ImageObject\",\"inLanguage\":\"es\",\"@id\":\"https:\/\/urdaburu.eus\/es\/event\/cursillo-de-esqui-de-fondo-para-escolares\/#primaryimage\",\"url\":\"\/app\/uploads\/2018\/12\/Iraupen-eskia.jpg\",\"contentUrl\":\"\/app\/uploads\/2018\/12\/Iraupen-eskia.jpg\",\"width\":1200,\"height\":675},{\"@type\":\"WebPage\",\"@id\":\"https:\/\/urdaburu.eus\/es\/event\/cursillo-de-esqui-de-fondo-para-escolares\/#webpage\",\"url\":\"https:\/\/urdaburu.eus\/es\/event\/cursillo-de-esqui-de-fondo-para-escolares\/\",\"name\":\"Cursillo de esqui de fondo para escolares - Urdaburu\",\"isPartOf\":{\"@id\":\"https:\/\/urdaburu.eus\/#website\"},\"primaryImageOfPage\":{\"@id\":\"https:\/\/urdaburu.eus\/es\/event\/cursillo-de-esqui-de-fondo-para-escolares\/#primaryimage\"},\"datePublished\":\"2019-01-02T12:26:34+00:00\",\"dateModified\":\"2019-01-08T15:17:09+00:00\",\"breadcrumb\":{\"@id\":\"https:\/\/urdaburu.eus\/es\/event\/cursillo-de-esqui-de-fondo-para-escolares\/#breadcrumb\"},\"inLanguage\":\"es\",\"potentialAction\":[{\"@type\":\"ReadAction\",\"target\":[\"https:\/\/urdaburu.eus\/es\/event\/cursillo-de-esqui-de-fondo-para-escolares\/\"]}]},{\"@type\":\"BreadcrumbList\",\"@id\":\"https:\/\/urdaburu.eus\/es\/event\/cursillo-de-esqui-de-fondo-para-escolares\/#breadcrumb\",\"itemListElement\":[{\"@type\":\"ListItem\",\"position\":1,\"name\":\"Home\",\"item\":\"https:\/\/urdaburu.eus\/es\/\"},{\"@type\":\"ListItem\",\"position\":2,\"name\":\"Eventos\",\"item\":\"https:\/\/urdaburu.eus\/es\/eventos\/\"},{\"@type\":\"ListItem\",\"position\":3,\"name\":\"Cursillo de esqui de fondo para escolares\"}]}]}<\/script>\n<!-- \/ Yoast SEO plugin. -->","yoast_head_json":{"title":"Cursillo de esqui de fondo para escolares - Urdaburu","robots":{"index":"index","follow":"follow","max-snippet":"max-snippet:-1","max-image-preview":"max-image-preview:large","max-video-preview":"max-video-preview:-1"},"canonical":"https:\/\/urdaburu.eus\/es\/event\/cursillo-de-esqui-de-fondo-para-escolares\/","og_locale":"es_ES","og_type":"article","og_title":"Cursillo de esqui de fondo para escolares - Urdaburu","og_description":"Atendiendo a vuestras peticiones URDABURU MENDIZALE ELKARTEA ha organizado para los d\u00edas 2 y 3 de febrero un cursillo de Ski de fondo para escolares.\u00a0","og_url":"https:\/\/urdaburu.eus\/es\/event\/cursillo-de-esqui-de-fondo-para-escolares\/","og_site_name":"Urdaburu","article_modified_time":"2019-01-08T15:17:09+00:00","og_image":[{"width":1200,"height":675,"url":"https:\/\/urdaburu.eus\/app\/uploads\/2018\/12\/Iraupen-eskia.jpg","type":"image\/jpeg"}],"twitter_card":"summary_large_image","twitter_misc":{"Est. reading time":"1 minuto"},"schema":{"@context":"https:\/\/schema.org","@graph":[{"@type":"WebSite","@id":"https:\/\/urdaburu.eus\/#website","url":"https:\/\/urdaburu.eus\/","name":"Urdaburu","description":"Grupo de Monta\u00f1a ","potentialAction":[{"@type":"SearchAction","target":{"@type":"EntryPoint","urlTemplate":"https:\/\/urdaburu.eus\/?s={search_term_string}"},"query-input":"required name=search_term_string"}],"inLanguage":"es"},{"@type":"ImageObject","inLanguage":"es","@id":"https:\/\/urdaburu.eus\/es\/event\/cursillo-de-esqui-de-fondo-para-escolares\/#primaryimage","url":"\/app\/uploads\/2018\/12\/Iraupen-eskia.jpg","contentUrl":"\/app\/uploads\/2018\/12\/Iraupen-eskia.jpg","width":1200,"height":675},{"@type":"WebPage","@id":"https:\/\/urdaburu.eus\/es\/event\/cursillo-de-esqui-de-fondo-para-escolares\/#webpage","url":"https:\/\/urdaburu.eus\/es\/event\/cursillo-de-esqui-de-fondo-para-escolares\/","name":"Cursillo de esqui de fondo para escolares - Urdaburu","isPartOf":{"@id":"https:\/\/urdaburu.eus\/#website"},"primaryImageOfPage":{"@id":"https:\/\/urdaburu.eus\/es\/event\/cursillo-de-esqui-de-fondo-para-escolares\/#primaryimage"},"datePublished":"2019-01-02T12:26:34+00:00","dateModified":"2019-01-08T15:17:09+00:00","breadcrumb":{"@id":"https:\/\/urdaburu.eus\/es\/event\/cursillo-de-esqui-de-fondo-para-escolares\/#breadcrumb"},"inLanguage":"es","potentialAction":[{"@type":"ReadAction","target":["https:\/\/urdaburu.eus\/es\/event\/cursillo-de-esqui-de-fondo-para-escolares\/"]}]},{"@type":"BreadcrumbList","@id":"https:\/\/urdaburu.eus\/es\/event\/cursillo-de-esqui-de-fondo-para-escolares\/#breadcrumb","itemListElement":[{"@type":"ListItem","position":1,"name":"Home","item":"https:\/\/urdaburu.eus\/es\/"},{"@type":"ListItem","position":2,"name":"Eventos","item":"https:\/\/urdaburu.eus\/es\/eventos\/"},{"@type":"ListItem","position":3,"name":"Cursillo de esqui de fondo para escolares"}]}]}},"_links":{"self":[{"href":"https:\/\/urdaburu.eus\/es\/wp-json\/wp\/v2\/tribe_events\/679"}],"collection":[{"href":"https:\/\/urdaburu.eus\/es\/wp-json\/wp\/v2\/tribe_events"}],"about":[{"href":"https:\/\/urdaburu.eus\/es\/wp-json\/wp\/v2\/types\/tribe_events"}],"author":[{"embeddable":true,"href":"https:\/\/urdaburu.eus\/es\/wp-json\/wp\/v2\/users\/2"}],"replies":[{"embeddable":true,"href":"https:\/\/urdaburu.eus\/es\/wp-json\/wp\/v2\/comments?post=679"}],"version-history":[{"count":5,"href":"https:\/\/urdaburu.eus\/es\/wp-json\/wp\/v2\/tribe_events\/679\/revisions"}],"predecessor-version":[{"id":1057,"href":"https:\/\/urdaburu.eus\/es\/wp-json\/wp\/v2\/tribe_events\/679\/revisions\/1057"}],"wp:featuredmedia":[{"embeddable":true,"href":"https:\/\/urdaburu.eus\/es\/wp-json\/wp\/v2\/media\/443"}],"wp:attachment":[{"href":"https:\/\/urdaburu.eus\/es\/wp-json\/wp\/v2\/media?parent=679"}],"wp:term":[{"taxonomy":"post_tag","embeddable":true,"href":"https:\/\/urdaburu.eus\/es\/wp-json\/wp\/v2\/tags?post=679"},{"taxonomy":"tribe_events_cat","embeddable":true,"href":"https:\/\/urdaburu.eus\/es\/wp-json\/wp\/v2\/tribe_events_cat?post=679"}],"curies":[{"name":"wp","href":"https:\/\/api.w.org\/{rel}","templated":true}]}}

<p>Atendiendo a vuestras peticiones URDABURU MENDIZALE ELKARTEA ha organizado para los días 2 y 3 de febrero un cursillo de Ski de fondo para escolares.  Será en la estación de <span class="il">eski</span> de Somport y el alojamiento en el albergue «El águila» (Candanchú).</p>
<p>Podrán formar parte en el cursillo los nacidos entre 2005 y 2010 (incluidos), esto es, desde LH3 a DBH2. TODOS deberán ir acompañados de un adulto responsable (un adulto podrá ser responsable de hasta 3 escolares).</p>
<p>El precio del cursillo es de 60€ para los adultos y 50€ para los escolares. En el precio está incluido el autobús y el hospedaje (cena del sábado y desayuno del domingo). En el caso de los escolares tienen incluido además el alquiler del material y el fortfait.</p>
<p>Plazo de inscripción:</p>
<ul>
<li>Del 5 al 12 de diciembre para socios y socias de Urdaburu y para los escolares que participan en las salidas montañeras de URDABURU dentro del programa eskola kirola (temporadas 2017-18 y 2018-19).</li>
<li>Del 13 al 21 de diciembre para el resto.</li>
</ul>
<p><b>La inscripción se ha de realizar a través del siguiente formulario:</b></p>
<p><a href="https://sites.google.com/view/urdaburumendizaleelkartea/ikastaroak/2019-01-12_13-ski-ikastaroa" target="_blank" rel="noopener" data-saferedirecturl="https://www.google.com/url?q=https://sites.google.com/view/urdaburumendizaleelkartea/ikastaroak/2019-01-12_13-ski-ikastaroa&amp;source=gmail&amp;ust=1546517863789000&amp;usg=AFQjCNGDIXqR0NAXJTclCGkYuRvlwVSe3Q">https://sites.google.com/view/<wbr />urdaburumendizaleelkartea/<wbr />ikastaroak/2019-01-12_13-ski-<wbr /><span class="il">ikastaroa</span></a></p>
<p>Una vez validada la petición habrá que hacer un ingreso en la cuenta corriente de la sociedad: 30€ por adulto y 25€ por escolar. En caso de baja, sólo se devolverá el dinero en el caso de que las plazas correspondientes queden cubiertas.</p>

<p>Atendiendo a vuestras peticiones URDABURU MENDIZALE ELKARTEA ha organizado para los días 2 y 3 de febrero un cursillo de Ski de fondo para escolares. </p>

<!-- This site is optimized with the Yoast SEO plugin v19.1 - https://yoast.com/wordpress/plugins/seo/ -->
<title>Cursillo de esqui de fondo para escolares - Urdaburu</title>
<meta name="robots" content="index, follow, max-snippet:-1, max-image-preview:large, max-video-preview:-1" />
<link rel="canonical" href="https://urdaburu.eus/es/event/cursillo-de-esqui-de-fondo-para-escolares/" />
<meta property="og:locale" content="es_ES" />
<meta property="og:type" content="article" />
<meta property="og:title" content="Cursillo de esqui de fondo para escolares - Urdaburu" />
<meta property="og:description" content="Atendiendo a vuestras peticiones URDABURU MENDIZALE ELKARTEA ha organizado para los días 2 y 3 de febrero un cursillo de Ski de fondo para escolares. " />
<meta property="og:url" content="https://urdaburu.eus/es/event/cursillo-de-esqui-de-fondo-para-escolares/" />
<meta property="og:site_name" content="Urdaburu" />
<meta property="article:modified_time" content="2019-01-08T15:17:09+00:00" />
<meta property="og:image" content="https://urdaburu.eus/app/uploads/2018/12/Iraupen-eskia.jpg" />
	<meta property="og:image:width" content="1200" />
	<meta property="og:image:height" content="675" />
	<meta property="og:image:type" content="image/jpeg" />
<meta name="twitter:card" content="summary_large_image" />
<meta name="twitter:label1" content="Est. reading time" />
	<meta name="twitter:data1" content="1 minuto" />
<script type="application/ld+json" class="yoast-schema-graph">{"@context":"https://schema.org","@graph":[{"@type":"WebSite","@id":"https://urdaburu.eus/#website","url":"https://urdaburu.eus/","name":"Urdaburu","description":"Grupo de Montaña ","potentialAction":[{"@type":"SearchAction","target":{"@type":"EntryPoint","urlTemplate":"https://urdaburu.eus/?s={search_term_string}"},"query-input":"required name=search_term_string"}],"inLanguage":"es"},{"@type":"ImageObject","inLanguage":"es","@id":"https://urdaburu.eus/es/event/cursillo-de-esqui-de-fondo-para-escolares/#primaryimage","url":"/app/uploads/2018/12/Iraupen-eskia.jpg","contentUrl":"/app/uploads/2018/12/Iraupen-eskia.jpg","width":1200,"height":675},{"@type":"WebPage","@id":"https://urdaburu.eus/es/event/cursillo-de-esqui-de-fondo-para-escolares/#webpage","url":"https://urdaburu.eus/es/event/cursillo-de-esqui-de-fondo-para-escolares/","name":"Cursillo de esqui de fondo para escolares - Urdaburu","isPartOf":{"@id":"https://urdaburu.eus/#website"},"primaryImageOfPage":{"@id":"https://urdaburu.eus/es/event/cursillo-de-esqui-de-fondo-para-escolares/#primaryimage"},"datePublished":"2019-01-02T12:26:34+00:00","dateModified":"2019-01-08T15:17:09+00:00","breadcrumb":{"@id":"https://urdaburu.eus/es/event/cursillo-de-esqui-de-fondo-para-escolares/#breadcrumb"},"inLanguage":"es","potentialAction":[{"@type":"ReadAction","target":["https://urdaburu.eus/es/event/cursillo-de-esqui-de-fondo-para-escolares/"]}]},{"@type":"BreadcrumbList","@id":"https://urdaburu.eus/es/event/cursillo-de-esqui-de-fondo-para-escolares/#breadcrumb","itemListElement":[{"@type":"ListItem","position":1,"name":"Home","item":"https://urdaburu.eus/es/"},{"@type":"ListItem","position":2,"name":"Eventos","item":"https://urdaburu.eus/es/eventos/"},{"@type":"ListItem","position":3,"name":"Cursillo de esqui de fondo para escolares"}]}]}</script>
<!-- / Yoast SEO plugin. -->

Atendiendo a vuestras peticiones URDABURU MENDIZALE ELKARTEA ha organizado para los días 2 y 3 de febrero un cursillo de Ski de fondo para escolares.

Grupo de Montaña
